0 (base 2) to base 7.
1520
What is 12014 (base 5) in base 3?
1012202
Convert -452 (base 11) to base 3.
-202001
Convert -4959 (base 12) to base 15.
-26bc
-1108 (base 10) to base 2
-10001010100
-31433 (base 6) to base 4
-1002231
Convert -310022 (base 4) to base 10.
-3338
What is aa8b (base 12) in base 10?
18827
619 (base 11) to base 12
522
1110011111 (base 2) to base 15
41c
-120021 (base 4) to base 5
-22140
5026 (base 9) to base 2
111001010101
Convert -a7 (base 12) to base 16.
-7f
-1110100000 (base 2) to base 16
-3a0
-4146 (base 10) to base 11
-312a
Convert -21045 (base 8) to base 7.
-34325
-1011001 (base 2) to base 4
-1121
Convert 11322 (base 5) to base 15.
3ac
What is -1100100 (base 3) in base 16?
-3d5
What is 1202331 (base 4) in base 2?
1100010111101
-2600 (base 10) to base 2
-101000101000
-99 (base 13) to base 2
-1111110
What is 11000110 (base 2) in base 9?
240
What is 3624 (base 7) in base 5?
20331
What is -2503 (base 8) in base 16?
-543
313420 (base 6) to base 8
61524
4175 (base 13) to base 4
2031131
What is -1011233 (base 5) in base 12?
-9623
What is 650 (base 15) in base 3?
1221210
Convert -1102234 (base 6) to base 14.
-16058
What is -4897 (base 12) in base 11?
-6166
Convert -b879 (base 14) to base 16.
-7c73
What is -a8b8 (base 13) in base 11?
-166aa
What is 22a (base 11) in base 2?
100010010
-8c4a (base 13) to base 3
-222222101
What is -3552 (base 7) in base 5?
-20221
What is -142 (base 15) in base 9?
-348
-122243 (base 5) to base 11
-3591
-1231 (base 5) to base 13
-119
-4995 (base 10) to base 12
-2a83
What is 624 (base 13) in base 10?
1044
Convert 1ae3 (base 15) to base 11.
4428
43431 (base 5) to base 13
1491
Convert -10011101100 (base 2) to base 7.
-3450
What is 64 (base 9) in base 14?
42
What is 1552 (base 6) in base 12?
2b8
Convert -7c10 (base 16) to base 15.
-9625
-d36 (base 15) to base 8
-5640
What is -11333110 (base 4) in base 8?
-57724
Convert 11311 (base 5) to base 16.
33f
201030 (base 6) to base 4
3312222
Convert -210113 (base 4) to base 14.
-bc3
Convert 4023 (base 7) to base 11.
1053
Convert 24483 (base 10) to base 2.
101111110100011
Convert -1001101001011 (base 2) to base 12.
-2a37
What is -1b56 (base 12) in base 14?
-1334
What is -381 (base 10) in base 8?
-575
What is -1243 (base 10) in base 5?
-14433
-1547 (base 8) to base 13
-520
Convert 202102 (base 3) to base 7.
1415
Convert -49ac (base 15) to base 16.
-3d47
What is 46101 (base 7) in base 4?
2313000
-21402 (base 6) to base 15
-d1e
What is -79 (base 14) in base 5?
-412
1121000221 (base 3) to base 7
160315
What is -33504 (base 7) in base 12?
-4aa9
110011220 (base 3) to base 10
8880
Convert 45b9 (base 12) to base 3.
101122220
What is 5039 (base 10) in base 16?
13af
What is -15501 (base 15) in base 8?
-206022
103010101 (base 4) to base 3
10222010111
-156 (base 15) to base 10
-306
-d9a (base 14) to base 7
-10553
What is -302103 (base 4) in base 5?
-100334
Convert -601 (base 10) to base 12.
-421
35560 (base 9) to base 14
8951
What is -802 (base 13) in base 9?
-1764
What is -3354 (base 6) in base 13?
-48a
What is -134433 (base 5) in base 15?
-19e8
What is 9922 (base 12) in base 16?
41ea
Convert 660 (base 13) to base 11.
903
406 (base 12) to base 15
28c
What is -9b0 (base 14) in base 7?
-5410
Convert 3b21 (base 14) to base 3.
112021211
What is -21121 (base 4) in base 7?
-1516
Convert -996 (base 13) to base 6.
-11340
What is -46 (base 16) in base 2?
-1000110
What is 7115 (base 10) in base 5?
211430
Convert 10000011000 (base 2) to base 6.
4504
-47023 (base 10) to base 14
-131cb
Convert -1000110111 (base 2) to base 9.
-700
Convert 3002 (base 5) to base 4.
11321
-62303 (base 7) to base 10
-15242
-5176 (base 12) to base 4
-2022222
-110100000 (base 2) to base 6
-1532
13046 (base 7) to base 13
1766
-11110110 (base 2) to base 15
-116
What is -10151 (base 6) in base 9?
-1774
What is 313213 (base 4) in base 7?
13243
-123 (base 7) to base 10
-66
Convert -110001211 (base 3) to base 7.
-34435
-102 (base 7) to base 13
-3c
-123554 (base 7) to base 5
-1213142
Convert 327a3 (base 11) to base 15.
e14a
What is -521 (base 11) in base 7?
-1555
718 (base 9) to base 3
210122
What is 58 (base 10) in base 6?
134
Convert 16022 (base 8) to base 10.
7186
Convert -2331 (base 4) to base 8.
-275
Convert 2275 (base 8) to base 11.
a03
Convert 520b (base 12) to base 16.
22eb
1040 (base 10) to base 12
728
-2908 (base 12) to base 8
-11230
141204 (base 6) to base 5
411002
3825 (base 12) to base 6
45245
7366 (base 8) to base 16
ef6
10010001011011101 (base 2) to base 6
1332421
2112 (base 12) to base 4
320132
What is 52 (base 12) in base 3?
2022
What is 140060 (base 7) in base 15?
7c88
-22202 (base 8) to base 10
-9346
-112563 (base 7) to base 16
-4ed8
Convert 4a35 (base 16) to base 13.
8854
Convert -21202 (base 9) to base 14.
-5171
What is -15b7 (base 15) in base 11?
-3568
-232 (base 4) to base 12
-3a
2255 (base 6) to base 13
326
What is 214444 (base 5) in base 6?
54415
Convert 2d2c (base 16) to base 5.
332224
What is 420 (base 8) in base 15?
132
What is -104002 (base 5) in base 14?
-1471
1202220 (base 3) to base 2
10100001101
What is 40 (base 6) in base 3?
220
-14e2 (base 15) to base 7
-16040
What is -666 (base 9) in base 16?
-222
-402e (base 15) to base 2
-11010011101000
110001110110101 (base 2) to base 13
b806
Convert -bc (base 15) to base 7.
-342
What is -2417 (base 10) in base 15?
-ab2
What is -2013302 (base 4) in base 14?
-324a
-15a (base 14) to base 16
-114
What is 12530 (base 6) in base 11?
14a1
Convert -26a6 (base 14) to base 6.
-51310
What is 72c (base 13) in base 6?
5353
What is 20be (base 15) in base 13?
3200
Convert a2b (base 12) to base 7.
4205
11210 (base 3) to base 15
89
What is -10122 (base 3) in base 4?
-1202
15764 (base 8) to base 5
212111
What is -1 (base 5) in base 10?
-1
Convert -121122 (base 3) to base 15.
-1ee
Convert 234 (base 7) to base 11.
102
Convert 11020220 (base 3) to base 4.
300132
42111 (base 5) to base 14
1029
-2220 (base 4) to base 14
-c0
1636 (base 9) to base 2
10011100000
Convert 10110010001110 (base 2) to base 9.
16573
Convert 17624 (base 11) to base 8.
60206
Convert d7d (base 15) to base 2.
101111100011
What is -916 (base 10) in base 2?
-1110010100
Convert -124 (base 14) to base 3.
-22110
Convert -15522 (base 7) to base 12.
-2649
5656 (base 10) to base 5
140111
210001 (base 3) to base 12
3b4
What is -143 (base 14) in base 2?
-11111111
What is -223250 (base 6) in base 14?
-6c58
Convert -44411 (base 5) to base 4.
-300202
What is 4576 (base 11) in base 8?
13574
What is -841 (base 9) in base 4?
-22231
What is 1631 (base 7) in base 9?
812
2530 (base 7) to base 15
437
What is -6ac (base 16) in base 8?
-3254
Convert 131100 (base 6) to base 9.
17310
Convert 7c4 (base 13) to base 3.
1211202
Convert -11646 (base 8) to base 11.
-3863
What is 3252 (base 13) in base 2?
1101101010100
What is 141122 (base 5) in base 15?
1aac
-222b (base 12) to base 8
-7303
Convert -a19 (base 12) to base 15.
-676
-62c (base 16) to base 8
-3054
2e3 (base 16) to base 10
739
What is -312405 (base 6) in base 7?
-133325
-565 (base 8) to base 7
-1042
2020010 (base 3) to base 6
11303
What is 119 (base 11) in base 7?
261
What is 8d4 (base 14) in base 12?
1022
168a (base 13) to base 8
6375
Convert -812 (base 13) to base 3.
-1212122
-2eeb (base 15) to base 7
-41336
Convert -111023 (base 5) to base 16.
-f30
What is -3004203 (base 5) in base 2?
-1011100101000100
What is -2100100020 (base 3) in base 9?
-70306
Convert 859 (base 10) to base 7.
2335
Convert 34ca (base 16) to base 3.
200112112
What is 2112 (base 6) in base 14?
260
-1000111 (base 2) to base 12
-5b
49f3 (base 16) to base 15
5921
-1344410 (base 5) to base 11
-1a130
Convert 665 (base 8) to base 11.
368
-823 (base 10) to base 6
-3451
What is 387b (base 15) in base 2?
10111100001001
-4214 (base 5) to base 16
-22f
Convert 293 (base 12) to base 7.
1110
-10a (base 12) to base 11
-130
594 (base 11) to base 12
4b0
What is 10a8 (base 14) in base 2?
101101001100
What is -1004442 (base 5) in base 14?
-5cc7
Convert -766 (base 8) to base 16.
-1f6
Convert 269 (base 14) to base 2.
111100101
Convert -761b (base 15) to base 13.
-b4c2
466 (base 7) to base 15
114
Convert 102202022 (base 3) to base 5.
233232
1220201110 (base 3) to base 16
9348
Convert 1423 (base 7) to base 13.
3